{"id":13846,"date":"2018-05-30T17:18:39","date_gmt":"2018-05-30T16:18:39","guid":{"rendered":"http:\/\/2018.vft-gmbh.de\/?page_id=13846"},"modified":"2022-11-16T14:19:07","modified_gmt":"2022-11-16T13:19:07","slug":"solarthermie","status":"publish","type":"page","link":"https:\/\/www.vft-gmbh.de\/?page_id=13846","title":{"rendered":"Solarthermie"},"content":{"rendered":"<div class=\"fusion-fullwidth fullwidth-box nonhundred-percent-fullwidth non-hundred-percent-height-scrolling\"  style='background-color: #ffffff;background-position: left top;background-repeat: no-repeat;padding-top:20px;padding-right:10px;padding-bottom:20px;padding-left:10px;border-top-width:0px;border-bottom-width:0px;border-color:#eae9e9;border-top-style:solid;border-bottom-style:solid;'><div class=\"fusion-builder-row fusion-row \"><div  class=\"fusion-layout-column fusion_builder_column fusion_builder_column_1_1 fusion-builder-column-1 fusion-one-full fusion-column-first fusion-column-last fusion-column-no-min-height 1_1\"  style='margin-top:0px;margin-bottom:0px;'>\n\t\t\t\t\t<div class=\"fusion-column-wrapper\" style=\"background-position:left top;background-repeat:no-repeat;-webkit-background-size:cover;-moz-background-size:cover;-o-background-size:cover;background-size:cover;\"   data-bg-url=\"\">\n\t\t\t\t\t\t<div class=\"fusion-text\"><h1 style=\"text-align: center;\">SOLARTHERMIE<\/h1>\n<\/div><div class=\"fusion-sep-clear\"><\/div><div class=\"fusion-separator sep-single sep-solid\" style=\"border-color:#969696;border-top-width:1px;margin-left: auto;margin-right: auto;margin-top:5px;margin-bottom:50px;width:100%;max-width:15%;\"><\/div><div class=\"fusion-text\"><p>Nutzen Sie die kostenlose Energie der Sonne. Installieren Sie Solarkollektoren auf Ihrem Dach und senken Sie damit Ihre Heizkosten. Solarthermie-Anlagen dienen meist zur Warmwasserbereitung. So k\u00f6nnen Sie Ihren Heizkessel bis zum Herbst abschalten. Die Solarw\u00e4rme vom eigenen Dach reicht locker f\u00fcr die Dusche am Morgen und f\u00fcr warmes Leitungswasser. Gr\u00f6\u00dfere Solarthermie-Anlagen k\u00f6nnen auch zur Heizungsunterst\u00fctzung eingesetzt werden. Wir beraten Sie, ob sich Ihr Dach f\u00fcr Solarthermie eignet und wie gro\u00df Ihre Anlage samt Pufferspeicher dimensioniert sein sollte. Auch beim Thema F\u00f6rderung kennen wir uns bestens aus. Wir montieren ausschlie\u00dflich Qualit\u00e4tsprodukte, damit Sie f\u00fcr viele Jahre von der kostenlosen Sonnenergie profitieren.<\/p>\n<\/div><div class=\"fusion-clearfix\"><\/div>\n\n\t\t\t\t\t<\/div>\n\t\t\t\t<\/div><div  class=\"fusion-layout-column fusion_builder_column fusion_builder_column_1_2 fusion-builder-column-2 fusion-one-half fusion-column-first 1_2\"  style='margin-top:0px;margin-bottom:20px;width:48%; margin-right: 4%;'>\n\t\t\t\t\t<div class=\"fusion-column-wrapper\" style=\"background-position:left top;background-repeat:no-repeat;-webkit-background-size:cover;-moz-background-size:cover;-o-background-size:cover;background-size:cover;\"   data-bg-url=\"\">\n\t\t\t\t\t\t<div class=\"fusion-text\"><h2>Hightech f\u00fcrs Auge<\/h2>\n<p><a href=\"http:\/\/2018.vft-gmbh.de\/wp-content\/uploads\/2018\/05\/solarthermie01.jpg\"><img loading=\"lazy\" decoding=\"async\" class=\"wp-image-13847 alignleft\" src=\"http:\/\/2018.vft-gmbh.de\/wp-content\/uploads\/2018\/05\/solarthermie01.jpg\" alt=\"\" width=\"300\" height=\"229\" srcset=\"https:\/\/www.vft-gmbh.de\/wp-content\/uploads\/2018\/05\/solarthermie01-180x138.jpg 180w, https:\/\/www.vft-gmbh.de\/wp-content\/uploads\/2018\/05\/solarthermie01-300x229.jpg 300w, https:\/\/www.vft-gmbh.de\/wp-content\/uploads\/2018\/05\/solarthermie01-768x586.jpg 768w, https:\/\/www.vft-gmbh.de\/wp-content\/uploads\/2018\/05\/solarthermie01.jpg 1024w\" sizes=\"auto, (max-width: 300px) 100vw, 300px\" \/><\/a>Mit dem Logasol SKR10 CPC ist jetzt ein Vakuumr\u00f6hrenkollektor auf dem Markt, der auch geringe Sonnenstrahlung effizient ausnutzt. Mit sechs Vakuumr\u00f6hren und dahinter angeordnetem CPC-Spiegel erreicht er eine Aperturfl\u00e4che von 1,0 Quadratmetern. Der CPC-Spiegel verbessert den Solarertrag, weil die Sonnenstrahlen auch bei unterschiedlichen Einfallswinkeln und diffusem Licht optimal auf die Absorberrohre treffen.<\/p>\n<p>Der Logasol SKR10 CPC ist die richtige Wahl, wenn die Sonne das Trinkwasser erw\u00e4rmen und auch die Heizung unterst\u00fctzen soll. Er ist f\u00fcr die Aufdach- und Fassadenmontage geeignet und kann mit einer entsprechenden Aufst\u00e4nderung auch schr\u00e4g auf Flachd\u00e4cher montiert werden. F\u00fcr die horizontale Montage auf Flachd\u00e4cher oder Carports bietet Buderus den Vakuumr\u00f6hrenkollektor Logasol SKR5 an. Er erreicht mit sechs Vakuumr\u00f6hren ohne Spiegel eine Aperturfl\u00e4che von 0,5 Quadratmetern und ist besonders f\u00fcr Anlagen zur Trinkwassererw\u00e4rmung geeignet. Der Sammelkasten ist bei beiden Kollektoren unten angebracht, das sorgt im Stagnationsfall f\u00fcr eine bessere Entleerung.<\/p>\n<p>Das Design ist so ausgelegt, dass auf dem Dach ein einheitliches Kollektorfeld entsteht. Viele Details tragen dazu bei, vom gleichm\u00e4\u00dfigen R\u00f6hrenabstand innerhalb und zwischen den Kollektoren bis zu den Abdeckungen und Endkappen. Durch die einheitliche Gestaltung des unteren Sammelkastens und der oberen R\u00f6hreneinfassung entsteht ein symmetrisches Gesamtbild. Nicht zuletzt macht auch die hochwertige Verarbeitung die Kollektoren zu einem eleganten Blickfang.<\/p>\n<p>Dank des geringen Gewichts von 18 Kilogramm und handlicher Abmessungen sind die Vakuumr\u00f6hrenkollektoren Logasol SKR leicht zu transportieren. Je nach W\u00e4rmebedarf lassen sich die fertig montierten Module flexibel zu Kollektorfeldern unterschiedlicher Gr\u00f6\u00dfe kombinieren. F\u00fcr die Montage wird die gleiche Befestigungstechnik wie bei Logasol Flachkollektoren verwendet: Steckverbinder erm\u00f6glichen eine sichere und schnelle hydraulische Verschaltung der einzelnen Kollektoren.<\/p>\n<p>Wie alle Solarthermie-Kollektoren von Buderus f\u00fcr den deutschen Markt, werden auch die Vakuumr\u00f6hrenkollektoren Logasol SKR in Wettringen gefertigt. Das Bosch Thermotechnik-Werk in Nordrhein-Westfalen z\u00e4hlt zu den gr\u00f6\u00dften Flachkollektorherstellern in Deutschland und ist ein Kompetenzzentrum f\u00fcr kundenorientierte Solarprodukte. Buderus bietet komplette Solarpakete einschlie\u00dflich Kollektoren, Regelung und Speicher an. Weil alle Komponenten aufeinander abgestimmt sind, arbeiten diese Heizsysteme besonders effizient.<\/p>\n<h2>F\u00f6rderung f\u00fcr Solarthermie und Pufferspeicher<\/h2>\n<p><a href=\"http:\/\/2018.vft-gmbh.de\/wp-content\/uploads\/2018\/05\/solarthermie04.jpg\"><img loading=\"lazy\" decoding=\"async\" class=\"wp-image-13859 alignleft\" src=\"http:\/\/2018.vft-gmbh.de\/wp-content\/uploads\/2018\/05\/solarthermie04.jpg\" alt=\"\" width=\"300\" height=\"225\" srcset=\"https:\/\/www.vft-gmbh.de\/wp-content\/uploads\/2018\/05\/solarthermie04-300x225.jpg 300w, https:\/\/www.vft-gmbh.de\/wp-content\/uploads\/2018\/05\/solarthermie04-768x575.jpg 768w, https:\/\/www.vft-gmbh.de\/wp-content\/uploads\/2018\/05\/solarthermie04.jpg 1024w\" sizes=\"auto, (max-width: 300px) 100vw, 300px\" \/><\/a>Die Nutzung von solarthermischen Anlagen wird in vielen Regionen gef\u00f6rdert und auch der Bund f\u00f6rdert diese Anlagentechnik \u00fcber das Marktanreizprogramm des Bundesamtes f\u00fcr Wirtschaft und Ausfuhrkontrolle (BAfA). Mehr dazu von Experte Thomas Ogsoka.<\/p>\n<h2>Zuschuss f\u00fcr Solarthermie zur Heizungsunterst\u00fctzung<\/h2>\n<p>F\u00fcr den BAFA-Zuschuss f\u00fcr Solarthermie-Anlagen zur Heizungsunterst\u00fctzung muss die Anlagen eine Mindestgr\u00f6\u00dfe der Kollektorfl\u00e4che aufweisen. Hierbei wird zwischen den beiden Kollektortypen R\u00f6hrenkollektor und Flachkollektor unterschieden:<\/p>\n<ul>\n<li>Der effizientere R\u00f6hrenkollektor ben\u00f6tigt eine Mindestfl\u00e4che von sieben Quadratmetern und ein Pufferspeichervolumen von 50l\/m\u00b2, um die Anforderungen des BAfA einzuhalten.<\/li>\n<li>Im Bereich des Flachkollektors muss die Fl\u00e4che mindestens neun Quadratmeter und die Gr\u00f6\u00dfe des Pufferspeichers 40l\/m\u00b2 betragen.<\/li>\n<\/ul>\n<p>F\u00fcr Solarthermie-Anlagen zur Warmwasserbereitung und Heizungsunterst\u00fctzung erhalten Hausbesitzer eine Basisf\u00f6rderung von mindestens 2.000 Euro (+ 20 Prozent Zusatzbonus seit 01.01.2016). Gr\u00f6\u00dfere Solarthermie-Anlagen von mehr als 14 Quadratmetern erhalten einen Zuschuss von 140 Euro je Quadratmeter Kollektorfl\u00e4che. Zus\u00e4tzlich stellt das BAfA verschiedene Bonusf\u00f6rderungen zur Verf\u00fcgung, die zum Beispiel bei der gleichzeitigen Installation eines Biomassekessels (wie Pelletheizung) ausbezahlt werden.<br \/>\nNeu seit Januar 2016: Wer zus\u00e4tzlich das ganze Haus auf Energieeffizienz optimiert, kann einen Zusatzbonus in H\u00f6he von 20 Prozent sowie einen einmaligen Investitionszuschuss von 600 Euro f\u00fcr die notwendigen Ma\u00dfnahmen zur Optimierung des Heizsystems erhalten.<\/p>\n<h2>Zuschuss f\u00fcr Solarthermie-Anlagen zur Warmwasserbereitung<\/h2>\n<p>Gef\u00f6rdert werden auch Solarthermie-Anlagen zur Warmwasserbereitung. Der BAFA-Zuschuss betr\u00e4gt dann 50 Euro je angefangenem Quadratmeter Kollektorfl\u00e4che, mindestens aber 500 Euro. Auch die Erweiterung bestehender Solarthermie-Anlagen zur Warmwasserbereitung ist f\u00f6rderf\u00e4hig. Bedingung f\u00fcr den Zuschuss ist eine Mindestkollektorfl\u00e4che von drei Quadratmetern und ein W\u00e4rmespeicher mit einem Mindestspeichervolumen von 200 Litern.<\/p>\n<p>F\u00fcr die BAfA-F\u00f6rderung reichen Sie innerhalb von neun Monaten nach Inbetriebnahme der Solaranlage den Antrag, die vom Installateur ausgef\u00fcllte Fachunternehmererkl\u00e4rung sowie die detaillierte Rechnung in Kopie beim BAfA ein.<\/p>\n<h2>KfW-F\u00f6rderung zur Finanzierung der Solarthermie-Anlage<\/h2>\n<p>Finanzieren l\u00e4sst sich die Solarthermie-Anlage mit einem zinsg\u00fcnstigen Darlehen der KfW im Programm 167 Energieeffizient Sanieren Erg\u00e4nzungskredit. Bis zu 50.000 Euro pro Wohneinheit gibt es hier f\u00fcr die Umstellung der Heizungsanlage auf erneuerbare Energien. Das Programm l\u00e4sst sich mit der BAFA-F\u00f6rderung kombinieren. Achtung: Die KfW-F\u00f6rderung muss vor der Installation der Solaranlage beantragt werden!<\/p>\n<p>Neben diesen bundesweit verf\u00fcgbaren F\u00f6rderprogrammen existieren viele regionale F\u00f6rderprogramme, die Solarthermie-Anlagen auch zur Warmwasserbereitung in verschiedensten Formen f\u00f6rdern. H\u00e4ufig wird diese Anlagentechnik auch \u00fcber die regional angesiedelten Energieversorger gef\u00f6rdert.<\/p>\n<\/div><div class=\"fusion-clearfix\"><\/div>\n\n\t\t\t\t\t<\/div>\n\t\t\t\t<\/div><div  class=\"fusion-layout-column fusion_builder_column fusion_builder_column_1_2 fusion-builder-column-3 fusion-one-half fusion-column-last 1_2\"  style='margin-top:0px;margin-bottom:20px;width:48%'>\n\t\t\t\t\t<div class=\"fusion-column-wrapper\" style=\"background-position:left top;background-repeat:no-repeat;-webkit-background-size:cover;-moz-background-size:cover;-o-background-size:cover;background-size:cover;\"   data-bg-url=\"\">\n\t\t\t\t\t\t<div class=\"fusion-text\"><h2>Der Flachkollektor mit hochselektiv beschichtetem Aluminium-Vollfl\u00e4chenabsorber<\/h2>\n<p><a href=\"http:\/\/2018.vft-gmbh.de\/wp-content\/uploads\/2018\/05\/solarthermie02.jpg\"><img loading=\"lazy\" decoding=\"async\" class=\"wp-image-13855 alignleft\" src=\"http:\/\/2018.vft-gmbh.de\/wp-content\/uploads\/2018\/05\/solarthermie02.jpg\" alt=\"\" width=\"300\" height=\"249\" srcset=\"https:\/\/www.vft-gmbh.de\/wp-content\/uploads\/2018\/05\/solarthermie02-300x249.jpg 300w, https:\/\/www.vft-gmbh.de\/wp-content\/uploads\/2018\/05\/solarthermie02-768x638.jpg 768w, https:\/\/www.vft-gmbh.de\/wp-content\/uploads\/2018\/05\/solarthermie02.jpg 1024w\" sizes=\"auto, (max-width: 300px) 100vw, 300px\" \/><\/a>F\u00fcr den einfachen Einstieg in die solare Warmwasserbereitung. Logasol SKN 4.0 f\u00fcr jede Dach- und Hausarchitektur:<\/p>\n<ul>\n<li>attraktives Preis-Leistungs-Verh\u00e4ltnis<\/li>\n<li>robuste und langlebige Konstruktion<\/li>\n<li>wahlweise in senkrechter oder waagerechter Ausf\u00fchrung<\/li>\n<\/ul>\n<p>Der Logasol SKN4.0 ist der Flachkollektor mit modernster Technologie f\u00fcr eine hohe Sonnenenergie-Ausbeute. Das Geh\u00e4use des Flachkollektors besteht aus einer Wanne aus glasfaserverst\u00e4rktem Kunststoff (Fiberglas), mit der die hochwertige Kollektorabdeckung aus 3,2 mm starkem Solar-Sicherheitsglas verklebt wird. Die leichte und robuste Konstruktion sch\u00fctzt den Absorber vor Korrosion und Witterungseinfl\u00fcssen.<\/p>\n<p>Der Flachkollektor verf\u00fcgt \u00fcber einen Vollfl\u00e4chenabsorber aus Aluminium mit hochwertiger PVD-Beschichtung. F\u00fcr einen besonders guten W\u00e4rme\u00fcbergang sind das Kupfer-W\u00e4rmeleitrohr und das Aluminium-Absorberblech mit Ultraschall dauerhaft miteinander verschwei\u00dft. Die 50 mm dicke temperaturfeste und ausgasungsfreie Mineralwolle an der Kollektorr\u00fcckwand bewirkt eine sehr gute W\u00e4rmed\u00e4mmung und hohe Effizienz.<\/p>\n<p>Die niedrigen Druckverluste der Rohrharfe hinter dem Absorber erm\u00f6glichen verschiedenste Anordnungen auf Schr\u00e4g- und Flachd\u00e4chern oder an der Fassade. So lassen sich auch kleinere oder gest\u00fcckelte Dachfl\u00e4chen f\u00fcr die Solarthermie nutzen. Damit ist der Logasol SKN4.0 vielseitig einsetzbar.<\/p>\n<h2>Solarthermie ist ideale Erg\u00e4nzung f\u00fcr Warmwasser und Heizung<\/h2>\n<p><a href=\"http:\/\/2018.vft-gmbh.de\/wp-content\/uploads\/2018\/05\/solarthermie03.jpg\"><img loading=\"lazy\" decoding=\"async\" class=\"wp-image-13857 alignleft\" src=\"http:\/\/2018.vft-gmbh.de\/wp-content\/uploads\/2018\/05\/solarthermie03.jpg\" alt=\"\" width=\"300\" height=\"225\" srcset=\"https:\/\/www.vft-gmbh.de\/wp-content\/uploads\/2018\/05\/solarthermie03-300x225.jpg 300w, https:\/\/www.vft-gmbh.de\/wp-content\/uploads\/2018\/05\/solarthermie03-768x576.jpg 768w, https:\/\/www.vft-gmbh.de\/wp-content\/uploads\/2018\/05\/solarthermie03.jpg 1024w\" sizes=\"auto, (max-width: 300px) 100vw, 300px\" \/><\/a>Eine thermische Solaranlage zur Warmwasser-Bereitung und Unterst\u00fctzung der\u00a0Heizung\u00a0bedient sich eines simplen Prinzips: der Erw\u00e4rmung von dunklen Metall- oder auch Kunststoff-Platten durch die Sonne. Bester Zeitpunkt f\u00fcr die Installation einer Solarthermie-Anlage ist eine anstehende Dachsanierung oder die geplante Erneuerung der Heizung.<\/p>\n<p><strong>Thermische Solaranlage reduziert Heizkosten durch kostenlose Sonnenenergie<\/strong><br \/>\nDie Kollektoren einer Solarthermie-Anlage enthalten schwarze Metall- oder Kunststoff-Platten. Diese Absorber nehmen die Sonnenw\u00e4rme auf und leiten sie an eine spezielle Fl\u00fcssigkeit weiter. Eine Pumpe bewegt die erw\u00e4rmte Fl\u00fcssigkeit durch Rohrleitungen zum W\u00e4rmespeicher (Pufferspeicher oder Kombispeicher). Die so gewonnene Solarenergie reicht aus, um in den Monaten Mai bis September den Warmwasser-Bedarf komplett abzudecken. Die Heizung schaltet sich dann automatisch ab. \u00dcber das ganze Jahr gerechnet deckt die Solaranlage 60 Prozent des Bedarfs beim Warmwasser ab. Zus\u00e4tzlich kann eine thermische Solaranlage mit einem Kombispeichersystem zur Unterst\u00fctzung der Heizung in der \u00dcbergangszeit genutzt werden. Dann f\u00e4llt die Kollektor-Fl\u00e4che allerdings gr\u00f6\u00dfer aus, als wenn die Solarthermie-Anlage nur f\u00fcr das Warmwasser eingesetzt wird. Besonders effizient arbeitet eine thermische Solaranlage zur Unterst\u00fctzung der Heizung in einem Haus mit guter D\u00e4mmung und moderner Heizung.<\/p>\n<p><strong>Richtige Ausrichtung der Solarthermie-Anlage sorgt f\u00fcr maximale Ertr\u00e4ge<\/strong><br \/>\nOptimal f\u00fcr eine Solarthermie-Anlage ist eine Ausrichtung zwischen S\u00fcdost und S\u00fcdwest. F\u00fcr die Warmwasserbereitung empfiehlt sich ein Neigungswinkel zwischen 30 und 50 Grad, um die hoch stehende Sonne im Sommer gut auszunutzen. Bei einer Heizungsunterst\u00fctzung ist dagegen eine Neigung von 45 bis 70 Grad ideal, um die tiefer stehende Sonne im Fr\u00fchjahr und Herbst &#8222;einzufangen&#8220;. Eine abweichende Neigung l\u00e4sst sich unter Umst\u00e4nden mit einer gr\u00f6\u00dferen Kollektorfl\u00e4che ausgleichen, Neigungen unter 15 Grad sind in der Regel nicht f\u00fcr Solarthermie geeignet. Auch auf einem Flachdach l\u00e4sst sich die Solaranlage installieren. Voraussetzung in beiden F\u00e4llen: Die Solarthermie-Anlage sollte m\u00f6glichst nicht verschattet werden. Je nach optischen und architektonischen Gesichtspunkten kann die Solaranlage als Aufdach- oder Indachanlage montiert werden. In den meisten Bundesl\u00e4ndern ist die Montage einer Solarthermie-Anlage auf dem Dach eines Einfamilienhauses genehmigungsfrei. Da es aber auch Ausnahmen gibt, sollten Hausbesitzer vorher besser einen Blick in ihre Landesbauordnung werfen oder beim Bauamt nachfragen. Eigent\u00fcmer eines denkmalgesch\u00fctzten Hauses m\u00fcssen sich mit der Denkmalschutzbeh\u00f6rde in Verbindung setzen.<\/p>\n<p><strong>Ohne Pufferspeicher funktioniert Solarthermie nicht<\/strong><br \/>\nUnverzichtbar f\u00fcr den Betrieb einer Solarthermie-Anlage ist der\u00a0Pufferspeicher. Er speichert die gewonnene Solarw\u00e4rme, so dass sie bei Warmwasser-Bedarf abgerufen werden kann. Unterst\u00fctzt die Solaranlage zus\u00e4tzlich die Heizung, kommt ein Kombispeicher zum Einsatz.<\/p>\n<p><strong>Mit welcher Kollektorfl\u00e4che m\u00fcssen Sie rechnen?<\/strong><br \/>\nZwischen einem und 1,5 Quadratmetern Kollektor-Fl\u00e4che pro Person empfehlen Experten bei einer Solarthermie-Anlage zur Warmwasser-Bereitung. In Bezug auf die Gr\u00f6\u00dfe des Warmwasserspeichers sollten Sie von dem doppelten Volumen Ihres gesamten t\u00e4glichen Warmwasserverbrauchs ausgehen. F\u00fcr einen Vier-Personen-Haushalt werden in der Regel rund sechs Quadratmeter Flachkollektoren oder f\u00fcnf Quadratmeter Vakuum-R\u00f6hren-Kollektoren und ein 300-Liter-Warmwasserspeicher ben\u00f6tigt. Bei einer zus\u00e4tzlichen Heizungsunterst\u00fctzung fallen Solarthermie-Anlage und Pufferspeicher entsprechend gr\u00f6\u00dfer aus.<\/p>\n<p><strong>Kosten f\u00fcr die Installation einer Solarthermie-Anlage<\/strong><br \/>\nF\u00fcr einen durchschnittlichen 4-Personen-Haushalt fallen bei einer Solarthermie-Anlage mit Flachkollektoren f\u00fcr die Warmwasser-Bereitung Kosten zwischen 4.000 und 6.000 Euro an, inklusive Montage der Solaranlage. Soll Solarthermie zus\u00e4tzlich die Heizung unterst\u00fctzen, betragen die Kosten zwischen 8.000 und 10.000 Euro. Vakuum-R\u00f6hren-Kollektoren sind im Schnitt 30 Prozent teurer als Flachkollektoren. Um die Investitionskosten zu reduzieren, sollten Hausbesitzer unbedingt F\u00f6rderung f\u00fcr die Solarthermie-Anlage und den Pufferspeicher\u00a0nutzen.<\/p>\n<\/div><div class=\"fusion-clearfix\"><\/div>\n\n\t\t\t\t\t<\/div>\n\t\t\t\t<\/div><\/div><\/div>\n","protected":false},"excerpt":{"rendered":"","protected":false},"author":1,"featured_media":0,"parent":0,"menu_order":2,"comment_status":"closed","ping_status":"closed","template":"","meta":{"footnotes":""},"class_list":["post-13846","page","type-page","status-publish","hentry"],"_links":{"self":[{"href":"https:\/\/www.vft-gmbh.de\/index.php?rest_route=\/wp\/v2\/pages\/13846","targetHints":{"allow":["GET"]}}],"collection":[{"href":"https:\/\/www.vft-gmbh.de\/index.php?rest_route=\/wp\/v2\/pages"}],"about":[{"href":"https:\/\/www.vft-gmbh.de\/index.php?rest_route=\/wp\/v2\/types\/page"}],"author":[{"embeddable":true,"href":"https:\/\/www.vft-gmbh.de\/index.php?rest_route=\/wp\/v2\/users\/1"}],"replies":[{"embeddable":true,"href":"https:\/\/www.vft-gmbh.de\/index.php?rest_route=%2Fwp%2Fv2%2Fcomments&post=13846"}],"version-history":[{"count":11,"href":"https:\/\/www.vft-gmbh.de\/index.php?rest_route=\/wp\/v2\/pages\/13846\/revisions"}],"predecessor-version":[{"id":14058,"href":"https:\/\/www.vft-gmbh.de\/index.php?rest_route=\/wp\/v2\/pages\/13846\/revisions\/14058"}],"wp:attachment":[{"href":"https:\/\/www.vft-gmbh.de\/index.php?rest_route=%2Fwp%2Fv2%2Fmedia&parent=13846"}],"curies":[{"name":"wp","href":"https:\/\/api.w.org\/{rel}","templated":true}]}}