{"id":13868,"date":"2018-05-31T11:35:15","date_gmt":"2018-05-31T10:35:15","guid":{"rendered":"http:\/\/2018.vft-gmbh.de\/?page_id=13868"},"modified":"2022-11-16T14:19:07","modified_gmt":"2022-11-16T13:19:07","slug":"solarstromspeicher","status":"publish","type":"page","link":"https:\/\/www.vft-gmbh.de\/?page_id=13868","title":{"rendered":"Solarstromspeicher"},"content":{"rendered":"<div class=\"fusion-fullwidth fullwidth-box nonhundred-percent-fullwidth non-hundred-percent-height-scrolling\"  style='background-color: #ffffff;background-position: left top;background-repeat: no-repeat;padding-top:20px;padding-right:10px;padding-bottom:20px;padding-left:10px;border-top-width:0px;border-bottom-width:0px;border-color:#eae9e9;border-top-style:solid;border-bottom-style:solid;'><div class=\"fusion-builder-row fusion-row \"><div  class=\"fusion-layout-column fusion_builder_column fusion_builder_column_1_1 fusion-builder-column-1 fusion-one-full fusion-column-first fusion-column-last fusion-column-no-min-height 1_1\"  style='margin-top:0px;margin-bottom:0px;'>\n\t\t\t\t\t<div class=\"fusion-column-wrapper\" style=\"background-position:left top;background-repeat:no-repeat;-webkit-background-size:cover;-moz-background-size:cover;-o-background-size:cover;background-size:cover;\"   data-bg-url=\"\">\n\t\t\t\t\t\t<div class=\"fusion-text\"><h1 style=\"text-align: center;\">SOLARSTROMSPEICHER<\/h1>\n<\/div><div class=\"fusion-sep-clear\"><\/div><div class=\"fusion-separator sep-single sep-solid\" style=\"border-color:#969696;border-top-width:1px;margin-left: auto;margin-right: auto;margin-top:5px;margin-bottom:50px;width:100%;max-width:15%;\"><\/div><div class=\"fusion-text\"><p>Solarstromspeicher sind ein wichtiger Schritt auf dem Weg in die Unabh\u00e4ngigkeit vom Stromversorger: Bis zu 60 Prozent selbst erzeugten Strom k\u00f6nnen Hausbesitzer \u00fcber das Jahr gerechnet nutzen, wenn ein Solarstromspeicher zum Einsatz kommt, in den Sommermonaten sogar bis zu 100 Prozent. Mit einem Solarstromspeicher l\u00e4sst sich der Eigenverbrauch von Solarstrom mit dem Batteriespeicher deutlich erh\u00f6hen, und zwar unabh\u00e4ngig von der Tageszeit.<\/p>\n<p>Der Speicher lagert den Strom aus der Photovoltaik-Anlage zwischen. So kann der in den Mittagsstunden erzeugte Solarstrom auch in den Abend- und Nachtstunden genutzt werden, wenn die Bewohner zu Hause sind. Das macht Hausbesitzer unabh\u00e4ngiger &#8211; sowohl vom Stromversorger als auch vom Zeitpunkt der Solarstromerzeugung.<\/p>\n<\/div><div class=\"fusion-clearfix\"><\/div>\n\n\t\t\t\t\t<\/div>\n\t\t\t\t<\/div><div  class=\"fusion-layout-column fusion_builder_column fusion_builder_column_1_2 fusion-builder-column-2 fusion-one-half fusion-column-first 1_2\"  style='margin-top:0px;margin-bottom:20px;width:48%; margin-right: 4%;'>\n\t\t\t\t\t<div class=\"fusion-column-wrapper\" style=\"background-position:left top;background-repeat:no-repeat;-webkit-background-size:cover;-moz-background-size:cover;-o-background-size:cover;background-size:cover;\"   data-bg-url=\"\">\n\t\t\t\t\t\t<div class=\"fusion-text\"><h2>Dank Solarstromspeicher unabh\u00e4ngig vom Stromversorger<\/h2>\n<p><a href=\"http:\/\/2018.vft-gmbh.de\/wp-content\/uploads\/2018\/05\/solarstrom01.jpg\"><img loading=\"lazy\" decoding=\"async\" class=\"wp-image-13869 alignleft\" src=\"http:\/\/2018.vft-gmbh.de\/wp-content\/uploads\/2018\/05\/solarstrom01.jpg\" alt=\"\" width=\"300\" height=\"200\" srcset=\"https:\/\/www.vft-gmbh.de\/wp-content\/uploads\/2018\/05\/solarstrom01-300x200.jpg 300w, https:\/\/www.vft-gmbh.de\/wp-content\/uploads\/2018\/05\/solarstrom01-768x513.jpg 768w, https:\/\/www.vft-gmbh.de\/wp-content\/uploads\/2018\/05\/solarstrom01.jpg 1024w\" sizes=\"auto, (max-width: 300px) 100vw, 300px\" \/><\/a>Sie haben eine\u00a0Photovoltaik-Anlage\u00a0auf dem\u00a0Dach\u00a0und m\u00fcssen trotzdem den Strom abends und nachts teuer bezahlen? Mit der Installation eines Solarstromspeichers und einer elektronischen Steuerung k\u00f6nnen Sie den tags\u00fcber erzeugten Strom speichern und dann abrufen, wenn er gebraucht wird. Mit der Kombination aus\u00a0Photovoltaik-Anlage\u00a0und Solarstromspeicher kann der selbstgenutzte Stromanteil deutlich gesteigert werden. In Sommermonaten lassen sich dadurch bis zu 100 Prozent des eigenen Stromverbrauchs decken, je nach Strombedarf und Verbrauchsgewohnheiten des Haushalts. Neben dem Solarstromspeicher wird dies durch eine elektronische Steuerung erm\u00f6glicht. Diese Steuerung erstellt eine Prognose, wie viel Strom die Photovoltaik-Anlage voraussichtlich erzeugt, und l\u00e4sst Haushaltsger\u00e4te dann laufen, wenn gen\u00fcgend Solarstrom vorhanden ist.<\/p>\n<p>Attraktiv ist diese Form der Speicherung von Solarstrom vor allem dadurch geworden, dass die Einspeiseverg\u00fctung in den letzten Jahren sp\u00fcrbar gesunken ist, und auf der anderen Seite die Strompreise immer weiter steigen. Deshalb lohnt es sich f\u00fcr Hausbesitzer immer mehr, selbst produzierten Solarstrom auch selbst zu nutzen.<\/p>\n<h2>Vorteile von Solarstromspeichern<\/h2>\n<ul>\n<li>Langfristig Energiekosten senken durch Erh\u00f6hung des Eigenverbrauchs<\/li>\n<li>Kompakte Bauweise der Speicher, die wenig Platz ben\u00f6tigt<\/li>\n<li>Speichergr\u00f6\u00dfe modular erweiterbar<\/li>\n<li>Gr\u00f6\u00dfere Unabh\u00e4ngigkeit vom \u00f6ffentlichen Stromnetz<\/li>\n<li>Geringer Installationsaufwand<\/li>\n<li>Kohlendioxid-Belastung wird erheblich reduziert<\/li>\n<li>Trendsetter in der Nutzung erneuerbarer Energien<\/li>\n<li>Nachr\u00fcstung von PV-Anlagen m\u00f6glich<\/li>\n<\/ul>\n<h2>So funktionieren Solarstromspeicher<\/h2>\n<p>Wenn die Sonne scheint und die Photovoltaik-Anlage Solarstrom erzeugt, verteilt das Energiemanagementsystem den Strom an Verbraucher im Haus. Der Solarstromspeicher nimmt den Strom auf, der nicht sofort genutzt wird. Zur Speicherung werden leistungsstarke Lithium-Ionen-Batterien aufgeladen. Ist die Kapazit\u00e4t des\u00a0Solarstromspeichers ersch\u00f6pft, wird der \u00fcbersch\u00fcssige Solarstrom in das \u00f6ffentliche Stromnetz eingespeist. Die Verg\u00fctung erfolgt entsprechend der aktuellen Einspeiseverg\u00fctung. Wenn die Sonne nicht scheint, zum Beispiel abends, gibt der Speicher Strom wieder ab, so dass elektrische Ger\u00e4te betrieben werden k\u00f6nnen. Erst wenn der Strom aus dem\u00a0Solarstromspeicher\u00a0aufgebraucht ist, wird Strom aus dem \u00f6ffentlichen Netz bezogen. So kann der selbst erzeugte\u00a0Solarstrom optimal genutzt werden.<\/p>\n<\/div><div class=\"fusion-clearfix\"><\/div>\n\n\t\t\t\t\t<\/div>\n\t\t\t\t<\/div><div  class=\"fusion-layout-column fusion_builder_column fusion_builder_column_1_2 fusion-builder-column-3 fusion-one-half fusion-column-last 1_2\"  style='margin-top:0px;margin-bottom:20px;width:48%'>\n\t\t\t\t\t<div class=\"fusion-column-wrapper\" style=\"background-position:left top;background-repeat:no-repeat;-webkit-background-size:cover;-moz-background-size:cover;-o-background-size:cover;background-size:cover;\"   data-bg-url=\"\">\n\t\t\t\t\t\t<div class=\"fusion-text\"><h2>Bundesregierung f\u00f6rdert seit Anfang 2017 wieder Solarstromspeicher<\/h2>\n<p><a href=\"http:\/\/2018.vft-gmbh.de\/wp-content\/uploads\/2018\/05\/solarstrom02.jpg\"><img loading=\"lazy\" decoding=\"async\" class=\"wp-image-13870 alignleft\" src=\"http:\/\/2018.vft-gmbh.de\/wp-content\/uploads\/2018\/05\/solarstrom02.jpg\" alt=\"\" width=\"300\" height=\"326\" srcset=\"https:\/\/www.vft-gmbh.de\/wp-content\/uploads\/2018\/05\/solarstrom02-276x300.jpg 276w, https:\/\/www.vft-gmbh.de\/wp-content\/uploads\/2018\/05\/solarstrom02-768x835.jpg 768w, https:\/\/www.vft-gmbh.de\/wp-content\/uploads\/2018\/05\/solarstrom02.jpg 942w\" sizes=\"auto, (max-width: 300px) 100vw, 300px\" \/><\/a>Seit Jahresbeginn k\u00f6nnen wieder staatliche Zusch\u00fcsse aus dem Speicherf\u00f6rderprogramm der KfW beantragt werden. F\u00f6rderf\u00e4hig sind station\u00e4re solare Batteriespeichersysteme in Verbindung mit einer maximal 30 Kilowatt leistenden Solarstromanlage. Die F\u00f6rderung (KfW 275) besteht aus zwei Teilen, einem zinsg\u00fcnstigen KfW-Kredit sowie einem Tilgungszuschuss der Bundesregierung in H\u00f6he von 19 Prozent. Der Tilgungszuschuss wird nur f\u00fcr das Batteriespeichersystem gew\u00e4hrt, nicht f\u00fcr die Photovoltaikanlage.<\/p>\n<h2>Wer sich beeilt, erh\u00e4lt eine h\u00f6here F\u00f6rderung<\/h2>\n<p>Bei der F\u00f6rderung ist Eile geboten. Bereits ab Juli 2017 sinkt der Speicherzuschuss auf 16 Prozent. Die finanzielle Ausstattung des F\u00f6rdertopfes ist zudem begrenzt. Im letzten Jahr waren die F\u00f6rdermittel bereits im Herbst ersch\u00f6pft. \u201eDie Installation eines Heimspeichers in Kombination mit einer PV-Anlage war noch nie so attraktiv. Die Anschaffung eines schl\u00fcsselfertigen Solarstromspeichers kostet heute 40 Prozent weniger als vor drei Jahren. Das geht aus aktuellen Befragungen hervor. Gleichzeitig sind die Preise selbst erzeugten Solarstroms inzwischen oft nur noch halb so hoch wie die Stromtarife beim Versorger. Da wundert es nicht, dass sich immer mehr Verbraucher und Unternehmer mit Hilfe eines Speichers so unabh\u00e4ngig wie m\u00f6glich machen wollen. Solarer \u00dcberschussstrom, der nicht direkt im eigenen Haushalt verbraucht werden kann oder gespeichert wird, kann weiterhin ins \u00f6ffentliche Netz eingespeist werden. Nach dem zu Jahresbeginn in Kraft getretenen Gesetz zur F\u00f6rderung Erneuerbarer Energien EEG 2017 wird der nicht selbst genutzte Solarstrom vom Netzbetreiber \u2013 je nach Gr\u00f6\u00dfe der Photovoltaikanlage \u2013 mit derzeit rund 11\u201312 Cent je Kilowattstunde verg\u00fctet.<\/p>\n<h2>F\u00f6rderung Solarstromspeicher bei einer Nachr\u00fcstung<\/h2>\n<p>Die KfW-Speicherf\u00f6rderung bekommen auch Solaranlagenbetreiber, die einen Speicher nachr\u00fcsten wollen, sofern die Photovoltaikanlage nach dem 31. Dezember 2012 in Betrieb genommen wurde. Um f\u00fcr eine Nachr\u00fcstung den erh\u00f6hten F\u00f6rdersatz in Anspruch nehmen zu k\u00f6nnen, muss zwischen der Inbetriebnahme der Photovoltaikanlage und der Inbetriebnahme des Batteriespeichersystems ein Zeitraum von mindestens sechs Monaten liegen.<\/p>\n<\/div><div class=\"fusion-clearfix\"><\/div>\n\n\t\t\t\t\t<\/div>\n\t\t\t\t<\/div><\/div><\/div>\n","protected":false},"excerpt":{"rendered":"","protected":false},"author":1,"featured_media":0,"parent":0,"menu_order":2,"comment_status":"closed","ping_status":"closed","template":"","meta":{"footnotes":""},"class_list":["post-13868","page","type-page","status-publish","hentry"],"_links":{"self":[{"href":"https:\/\/www.vft-gmbh.de\/index.php?rest_route=\/wp\/v2\/pages\/13868","targetHints":{"allow":["GET"]}}],"collection":[{"href":"https:\/\/www.vft-gmbh.de\/index.php?rest_route=\/wp\/v2\/pages"}],"about":[{"href":"https:\/\/www.vft-gmbh.de\/index.php?rest_route=\/wp\/v2\/types\/page"}],"author":[{"embeddable":true,"href":"https:\/\/www.vft-gmbh.de\/index.php?rest_route=\/wp\/v2\/users\/1"}],"replies":[{"embeddable":true,"href":"https:\/\/www.vft-gmbh.de\/index.php?rest_route=%2Fwp%2Fv2%2Fcomments&post=13868"}],"version-history":[{"count":9,"href":"https:\/\/www.vft-gmbh.de\/index.php?rest_route=\/wp\/v2\/pages\/13868\/revisions"}],"predecessor-version":[{"id":14057,"href":"https:\/\/www.vft-gmbh.de\/index.php?rest_route=\/wp\/v2\/pages\/13868\/revisions\/14057"}],"wp:attachment":[{"href":"https:\/\/www.vft-gmbh.de\/index.php?rest_route=%2Fwp%2Fv2%2Fmedia&parent=13868"}],"curies":[{"name":"wp","href":"https:\/\/api.w.org\/{rel}","templated":true}]}}