{"id":13987,"date":"2018-06-04T09:16:31","date_gmt":"2018-06-04T08:16:31","guid":{"rendered":"http:\/\/2018.vft-gmbh.de\/?page_id=13987"},"modified":"2022-11-16T14:19:06","modified_gmt":"2022-11-16T13:19:06","slug":"waermepumpe","status":"publish","type":"page","link":"https:\/\/www.vft-gmbh.de\/?page_id=13987","title":{"rendered":"W\u00e4rmepumpe"},"content":{"rendered":"<div class=\"fusion-fullwidth fullwidth-box nonhundred-percent-fullwidth non-hundred-percent-height-scrolling\"  style='background-color: #ffffff;background-position: left top;background-repeat: no-repeat;padding-top:20px;padding-right:10px;padding-bottom:20px;padding-left:10px;border-top-width:0px;border-bottom-width:0px;border-color:#eae9e9;border-top-style:solid;border-bottom-style:solid;'><div class=\"fusion-builder-row fusion-row \"><div  class=\"fusion-layout-column fusion_builder_column fusion_builder_column_1_1 fusion-builder-column-1 fusion-one-full fusion-column-first fusion-column-last fusion-column-no-min-height 1_1\"  style='margin-top:0px;margin-bottom:0px;'>\n\t\t\t\t\t<div class=\"fusion-column-wrapper\" style=\"background-position:left top;background-repeat:no-repeat;-webkit-background-size:cover;-moz-background-size:cover;-o-background-size:cover;background-size:cover;\"   data-bg-url=\"\">\n\t\t\t\t\t\t<div class=\"fusion-text\"><h1 style=\"text-align: center;\">W\u00e4rmepumpe<\/h1>\n<\/div><div class=\"fusion-sep-clear\"><\/div><div class=\"fusion-separator sep-single sep-solid\" style=\"border-color:#969696;border-top-width:1px;margin-left: auto;margin-right: auto;margin-top:5px;margin-bottom:50px;width:100%;max-width:15%;\"><\/div><div class=\"fusion-text\"><p>Wie eine Art umgekehrter K\u00fchlschrank gewinnt eine W\u00e4rmepumpe Umweltw\u00e4rme aus Luft, Wasser oder Erdreich, die uns die Natur unersch\u00f6pflich sowie kostenlos zur Verf\u00fcgung stellt und gibt diese an das Heizsystem ab. Die W\u00e4rmepumpe arbeitet emissionsfrei und z\u00e4hlt zu den umweltschonendsten Methoden der Heizung und Warmwasserbereitung.<br \/>\nSo liefert sie wohlige Raumw\u00e4rme und warmes Wasser auf regenerativer Basis \u2013 eine umweltfreundliche Technik f\u00fcr eine saubere Zukunft.<\/p>\n<\/div><div class=\"fusion-clearfix\"><\/div>\n\n\t\t\t\t\t<\/div>\n\t\t\t\t<\/div><div  class=\"fusion-layout-column fusion_builder_column fusion_builder_column_1_2 fusion-builder-column-2 fusion-one-half fusion-column-first 1_2\"  style='margin-top:0px;margin-bottom:20px;width:48%; margin-right: 4%;'>\n\t\t\t\t\t<div class=\"fusion-column-wrapper\" style=\"background-position:left top;background-repeat:no-repeat;-webkit-background-size:cover;-moz-background-size:cover;-o-background-size:cover;background-size:cover;\"   data-bg-url=\"\">\n\t\t\t\t\t\t<div class=\"fusion-text\"><h2>Hocheffiziente W\u00e4rmepumpe f\u00fcr neue und bestehende Systeme<\/h2>\n<p><a href=\"http:\/\/2018.vft-gmbh.de\/wp-content\/uploads\/2018\/06\/waermepumpe01.jpg\"><img loading=\"lazy\" decoding=\"async\" class=\"wp-image-13988 alignleft\" src=\"http:\/\/2018.vft-gmbh.de\/wp-content\/uploads\/2018\/06\/waermepumpe01.jpg\" alt=\"\" width=\"300\" height=\"225\" srcset=\"https:\/\/www.vft-gmbh.de\/wp-content\/uploads\/2018\/06\/waermepumpe01-300x225.jpg 300w, https:\/\/www.vft-gmbh.de\/wp-content\/uploads\/2018\/06\/waermepumpe01-768x576.jpg 768w, https:\/\/www.vft-gmbh.de\/wp-content\/uploads\/2018\/06\/waermepumpe01.jpg 1024w\" sizes=\"auto, (max-width: 300px) 100vw, 300px\" \/><\/a>Mit der Sole\/Wasser-W\u00e4rmepumpe stellt Buderus seine Systemkompetenz unter Beweis: Die Logatherm WSW196iT im modernen Titanium Glas-Design eignet sich f\u00fcr den monovalenten Betrieb, l\u00e4sst sich bei Bedarf aber auch im System mit weiteren W\u00e4rmeerzeugern wie Heizkessel oder Solaranlage betreiben. Die flexibel einsetzbare L\u00f6sung ist f\u00fcr den Einsatz im Ein- oder Zweifamilienhaus geeignet, \u00a0im Neubau ebenso wie f\u00fcr Bestandsgeb\u00e4ude.<\/p>\n<p>Buderus hat bei der Entwicklung auch darauf geachtet, dass sich die Logatherm WSW196iT komfortabel und platzsparend einbauen l\u00e4sst. So sind ein 190-Liter-Trinkwasserspeicher und alle wesentlichen funktionsnotwendigen Komponenten wie Umschaltventil, Prim\u00e4r- und Sekund\u00e4rkreispumpen bereits serienm\u00e4\u00dfig integriert. Die Systeml\u00f6sung im modernen Titanium Glas-Design erreicht eine sehr hohe Jahresarbeitszahl von bis zu 5,5 (SCOP). \u00dcber die gesamte Heizperiode stellt die W\u00e4rmepumpe somit das bis zu F\u00fcnfeinhalbfache der eingesetzten elektrischen Antriebsenergie als W\u00e4rmemenge bereit. Sie arbeitet modulierend mit 4 bis 12 kW und passt die Leistung so jederzeit an den aktuellen W\u00e4rmebedarf an. Hausbesitzer profitieren vom energiesparenden Betrieb und der sehr hohen Effizienz: Die Logatherm WSW196iT erreicht eine jahreszeitbedingte Energieeffizienzklasse von A++ bezogen auf die Raumheizung (bei 55 Grad C Vorlauftemperatur) und die Energieeffizienzklasse A bei der Warmwasserbereitung. Dazu tragen au\u00dfer der modulierenden Betriebsweise mittels Invertertechnologie auch Hocheffizienzpumpen f\u00fcr Sole- und Heizkreis sowie innovative K\u00e4ltekreis-Technologie bei.<\/p>\n<h2>Leise Systeml\u00f6sung<\/h2>\n<p>Die innovative Sole\/Wasser-W\u00e4rmepumpe Logatherm WSW196iT erm\u00f6glicht einen hohen Heiz- und Warmwasserkomfort und arbeitet ausgesprochen leise \u2013 der Schall-Leistungspegel von 49 dB in Innenr\u00e4umen entspricht in etwa dem Betriebsger\u00e4usch eines K\u00fchlschranks. Die W\u00e4rmepumpe ist serienm\u00e4\u00dfig mit dem Regelsystem EMS plus und der Bedieneinheit Logamatic HMC300 ausgestattet. Ebenso hat sie serienm\u00e4\u00dfig eine IP-Schnittstelle zur Bedienung \u00fcbers Internet mit der App EasyControl.<\/p>\n<\/div><div class=\"fusion-clearfix\"><\/div>\n\n\t\t\t\t\t<\/div>\n\t\t\t\t<\/div><div  class=\"fusion-layout-column fusion_builder_column fusion_builder_column_1_2 fusion-builder-column-3 fusion-one-half fusion-column-last 1_2\"  style='margin-top:0px;margin-bottom:20px;width:48%'>\n\t\t\t\t\t<div class=\"fusion-column-wrapper\" style=\"background-position:left top;background-repeat:no-repeat;-webkit-background-size:cover;-moz-background-size:cover;-o-background-size:cover;background-size:cover;\"   data-bg-url=\"\">\n\t\t\t\t\t\t<div class=\"fusion-text\"><h2>Luft-\/Wasser-W\u00e4rmepumpe in innovativem Design<\/h2>\n<p><a href=\"http:\/\/2018.vft-gmbh.de\/wp-content\/uploads\/2018\/06\/waermepumpe02.jpg\"><img loading=\"lazy\" decoding=\"async\" class=\"wp-image-13989 alignleft\" src=\"http:\/\/2018.vft-gmbh.de\/wp-content\/uploads\/2018\/06\/waermepumpe02.jpg\" alt=\"\" width=\"300\" height=\"225\" srcset=\"https:\/\/www.vft-gmbh.de\/wp-content\/uploads\/2018\/06\/waermepumpe02-300x225.jpg 300w, https:\/\/www.vft-gmbh.de\/wp-content\/uploads\/2018\/06\/waermepumpe02-768x575.jpg 768w, https:\/\/www.vft-gmbh.de\/wp-content\/uploads\/2018\/06\/waermepumpe02.jpg 1024w\" sizes=\"auto, (max-width: 300px) 100vw, 300px\" \/><\/a>Mit der Logatherm WLW196iAR bringt Buderus die erste Luft\/Wasser-W\u00e4rmepumpe der Titanium Linie auf den Markt. Die innovative Inneneinheit mit Glasfront erweitert die im Markt sehr positiv aufgenommene Titanium Linie. Anlagenbetreiber k\u00f6nnen zwischen verschiedenen Systeml\u00f6sungen w\u00e4hlen: zwei bodenstehenden, kompakten Tower-Varianten mit integriertem Warmwasserspeicher und zwei wandh\u00e4ngenden Inneneinheiten f\u00fcr die Kombination mit abgestimmten Buderus Speichern.<br \/>\nDie Logatherm WLW196iAR ist serienm\u00e4\u00dfig mit dem bew\u00e4hrten Regelsystem EMS plus und der Bedieneinheit Logamatic HMC300 ausgestattet. Dank integrierter IP-Schnittstelle l\u00e4sst sie sich via Internet bedienen.<\/p>\n<h2>Inneneinheiten im neuen Titanium-Design<\/h2>\n<p>Die bodenstehenden Tower-Varianten sind ideal bei beengten Platzverh\u00e4ltnissen. Bei der Logatherm WLW196iART ist ein 190 Liter-Warmwasserspeicher integriert, bei der Logatherm WLW196iARTS ein bivalenter 184 Liter-Warmwasserspeicher mit Solarw\u00e4rmetauscher. Es k\u00f6nnen zwei Buderus Solarthermie-Kollektoren f\u00fcr die Trinkwassererw\u00e4rmung angeschlossen werden. Die Inneneinheiten zur Wandmontage im neuen Design lassen sich ideal mit dem Buderus Speicherprogramm kombinieren. Die Ausf\u00fchrung mit integriertem Bivalenzmischer l\u00e4sst sich mit einem Gas- oder \u00d6lkessel verbinden. Die monoenergetische Variante eignet sich auch zur K\u00fchlung. F\u00fcr hohen Heiz- und Warmwasserkomfort sorgt bei diesen Varianten der speziell f\u00fcr W\u00e4rmepumpen entwickelte Mehrzonen-Pufferspeicher Logalux PNRZ in Verbindung mit einer Frischwasserstation.<\/p>\n<p>\u00dcber wasserf\u00fchrende Verbindungen wird die modulierende Au\u00dfeneinheit der Logatherm WLW196iAR ohne gro\u00dfen Aufwand an die Inneneinheit angeschlossen. Sie liefert zuverl\u00e4ssig W\u00e4rme selbst bei einer Au\u00dfentemperatur von bis zu minus 20 Grad C. Zus\u00e4tzlich k\u00f6nnen ein integrierter, stufenweise angesteuerter Elektro-Heizstab mit bis zu 9 Kilowatt Heizleistung oder ein vorhandener Kessel eingebunden werden. Innovative Materialien reduzieren nicht nur das Gewicht, sondern tragen auch zu einem sehr leisen Betrieb bei.<\/p>\n<h2>Flexible L\u00f6sung mit hoher Effizienz und Innovationsf\u00f6rderung<\/h2>\n<p>Die Luft\/Wasser-W\u00e4rmepumpe ist eine flexible L\u00f6sung mit sehr hoher Effizienz: Sie stellt unter Normbedingungen das Vierfache der eingesetzten elektrischen Antriebsleistung als nutzbare W\u00e4rmeleistung zur Verf\u00fcgung (COP bis zu 4,29 bei einer Au\u00dfenlufttemperatur von 2 Grad C und einer Vorlauftemperatur von 35 Grad C). Das Ger\u00e4t ist in den Leistungsgr\u00f6\u00dfen 6, 8, 11 und 14 kW (maximale Leistung bei A2\/W35) erh\u00e4ltlich. Anlagenbetreiber k\u00f6nnen mit der Logatherm WLW196iAR mehrfach sparen. So erf\u00fcllt zum Beispiel die 8 kW Variante in monovalenter Betriebsweise, einer Normau\u00dfentemperatur bis zu -14 Grad C bei Einsatz einer Fu\u00dfbodenheizung (mit 35 Grad C\/28 Grad C Auslegungstemperatur) die Anforderungen aus dem BAFA Marktanreizprogramm f\u00fcr eine Innovationsf\u00f6rderung im Neubau in H\u00f6he von 1.500 Euro.<\/p>\n<\/div><div class=\"fusion-clearfix\"><\/div>\n\n\t\t\t\t\t<\/div>\n\t\t\t\t<\/div><\/div><\/div>\n","protected":false},"excerpt":{"rendered":"","protected":false},"author":1,"featured_media":0,"parent":0,"menu_order":2,"comment_status":"closed","ping_status":"closed","template":"","meta":{"footnotes":""},"class_list":["post-13987","page","type-page","status-publish","hentry"],"_links":{"self":[{"href":"https:\/\/www.vft-gmbh.de\/index.php?rest_route=\/wp\/v2\/pages\/13987","targetHints":{"allow":["GET"]}}],"collection":[{"href":"https:\/\/www.vft-gmbh.de\/index.php?rest_route=\/wp\/v2\/pages"}],"about":[{"href":"https:\/\/www.vft-gmbh.de\/index.php?rest_route=\/wp\/v2\/types\/page"}],"author":[{"embeddable":true,"href":"https:\/\/www.vft-gmbh.de\/index.php?rest_route=\/wp\/v2\/users\/1"}],"replies":[{"embeddable":true,"href":"https:\/\/www.vft-gmbh.de\/index.php?rest_route=%2Fwp%2Fv2%2Fcomments&post=13987"}],"version-history":[{"count":2,"href":"https:\/\/www.vft-gmbh.de\/index.php?rest_route=\/wp\/v2\/pages\/13987\/revisions"}],"predecessor-version":[{"id":14049,"href":"https:\/\/www.vft-gmbh.de\/index.php?rest_route=\/wp\/v2\/pages\/13987\/revisions\/14049"}],"wp:attachment":[{"href":"https:\/\/www.vft-gmbh.de\/index.php?rest_route=%2Fwp%2Fv2%2Fmedia&parent=13987"}],"curies":[{"name":"wp","href":"https:\/\/api.w.org\/{rel}","templated":true}]}}