{"id":14003,"date":"2018-06-04T10:16:22","date_gmt":"2018-06-04T09:16:22","guid":{"rendered":"http:\/\/2018.vft-gmbh.de\/?page_id=14003"},"modified":"2022-11-16T14:19:06","modified_gmt":"2022-11-16T13:19:06","slug":"pufferspeicher","status":"publish","type":"page","link":"https:\/\/www.vft-gmbh.de\/?page_id=14003","title":{"rendered":"Pufferspeicher"},"content":{"rendered":"<div class=\"fusion-fullwidth fullwidth-box nonhundred-percent-fullwidth non-hundred-percent-height-scrolling\"  style='background-color: #ffffff;background-position: left top;background-repeat: no-repeat;padding-top:20px;padding-right:10px;padding-bottom:20px;padding-left:10px;border-top-width:0px;border-bottom-width:0px;border-color:#eae9e9;border-top-style:solid;border-bottom-style:solid;'><div class=\"fusion-builder-row fusion-row \"><div  class=\"fusion-layout-column fusion_builder_column fusion_builder_column_1_1 fusion-builder-column-1 fusion-one-full fusion-column-first fusion-column-last fusion-column-no-min-height 1_1\"  style='margin-top:0px;margin-bottom:0px;'>\n\t\t\t\t\t<div class=\"fusion-column-wrapper\" style=\"background-position:left top;background-repeat:no-repeat;-webkit-background-size:cover;-moz-background-size:cover;-o-background-size:cover;background-size:cover;\"   data-bg-url=\"\">\n\t\t\t\t\t\t<div class=\"fusion-text\"><h1 style=\"text-align: center;\">Pufferspeicher<\/h1>\n<\/div><div class=\"fusion-sep-clear\"><\/div><div class=\"fusion-separator sep-single sep-solid\" style=\"border-color:#969696;border-top-width:1px;margin-left: auto;margin-right: auto;margin-top:5px;margin-bottom:50px;width:100%;max-width:15%;\"><\/div><div class=\"fusion-text\"><p>Der Pufferspeicher ist das Herz jeder Heizungsanlage. Er speichert \u00fcbersch\u00fcssige W\u00e4rme und kann Temperaturschwankungen ausgleichen. Gut ged\u00e4mmte Warmwasserspeicher entlasten die Heizung, sie muss nicht st\u00e4ndig anspringen.<br \/>\nNicht immer werden Heizung und Warmwasser genau dann gebraucht, wenn die Sonne scheint. Ein Pufferspeicher macht die Solarw\u00e4rme aus einer Solarthermie-Anlage effizient nutzbar. In diesem Warmwasserspeicher wird die Sonnenenergie bevorratet und kann bei Bedarf abgerufen werden.<\/p>\n<\/div><div class=\"fusion-clearfix\"><\/div>\n\n\t\t\t\t\t<\/div>\n\t\t\t\t<\/div><div  class=\"fusion-layout-column fusion_builder_column fusion_builder_column_1_2 fusion-builder-column-2 fusion-one-half fusion-column-first 1_2\"  style='margin-top:0px;margin-bottom:20px;width:48%; margin-right: 4%;'>\n\t\t\t\t\t<div class=\"fusion-column-wrapper\" style=\"background-position:left top;background-repeat:no-repeat;-webkit-background-size:cover;-moz-background-size:cover;-o-background-size:cover;background-size:cover;\"   data-bg-url=\"\">\n\t\t\t\t\t\t<div class=\"fusion-text\"><h2>Neue Edelstahlspeicher im Titanium-Design<\/h2>\n<p><a href=\"http:\/\/2018.vft-gmbh.de\/wp-content\/uploads\/2018\/06\/puffer01.jpg\"><img loading=\"lazy\" decoding=\"async\" class=\"wp-image-14004 alignleft\" src=\"http:\/\/2018.vft-gmbh.de\/wp-content\/uploads\/2018\/06\/puffer01.jpg\" alt=\"\" width=\"300\" height=\"524\" srcset=\"https:\/\/www.vft-gmbh.de\/wp-content\/uploads\/2018\/06\/puffer01-172x300.jpg 172w, https:\/\/www.vft-gmbh.de\/wp-content\/uploads\/2018\/06\/puffer01.jpg 586w\" sizes=\"auto, (max-width: 300px) 100vw, 300px\" \/><\/a>Ein weiterer Vorteil bei Einbringung und Montage ist das geringe Gewicht: Der Speicher aus hochfestem und sehr korrosionsbest\u00e4ndigem Duplex-Edelstahl bringt je nach Ausf\u00fchrung nur zwischen 34 und 74 Kilogramm auf die Waage. Die neuen Speicher sind zudem wartungsarm, weil keine Anode zum Korrosionsschutz n\u00f6tig ist, die es regelm\u00e4\u00dfig zu pr\u00fcfen gilt. Sie eignen sich insbesondere auch f\u00fcr die Trinkwassererw\u00e4rmung in Gebieten mit sehr weichem Wasser.<\/p>\n<p>Hausbesitzer und Anlagenbetreiber profitieren von einer hygienisch einwandfreien Trinkwasserqualit\u00e4t sowie von geringen W\u00e4rmeverlusten \u2013 eine 60 bis 85 Millimeter dicke PU-Hartschaumisolierung senkt diese auf ein Minimum und spart so Prim\u00e4renergie. Die Anordnung des W\u00e4rmetauschers im Speicher sorgt f\u00fcr eine gleichm\u00e4\u00dfige Temperaturschichtung und vermeidet Kaltzonen. Das tr\u00e4gt, ebenso wie die sehr guten Dauerleistungen der W\u00e4rmetauscher, zum hohen Warmwasserkomfort bei. Buderus hat Wert auf Systemkompatibilit\u00e4t gelegt: Au\u00dfenma\u00dfe und Anschl\u00fcsse sind mit denen der bew\u00e4hrten emaillierten Warmwasserspeicher vergleichbar. Dadurch k\u00f6nnen Fachhandwerker auch bei einer Modernisierung problemlos zum neuen Edelstahlspeicher greifen, er f\u00fcgt sich nahtlos in bestehende Heizsysteme ein.<\/p>\n<p>Desweiteren ist die Einbindung regenerativer Energien problemlos m\u00f6glich, so l\u00e4sst sich der bivalente Speicher Logalux ESM300 mit einer Solaranlage kombinieren. Der Ladespeicher Logalux ESF300 kann in Verbindung mit einem Ladesystem Logalux SLP einen gr\u00f6\u00dferen Warmwasserbedarf abdecken. Alle Speicher werden f\u00fcr eine dauerhaft exzellente Materialqualit\u00e4t gebeizt und passiviert.<\/p>\n<\/div><div class=\"fusion-clearfix\"><\/div>\n\n\t\t\t\t\t<\/div>\n\t\t\t\t<\/div><div  class=\"fusion-layout-column fusion_builder_column fusion_builder_column_1_2 fusion-builder-column-3 fusion-one-half fusion-column-last 1_2\"  style='margin-top:0px;margin-bottom:20px;width:48%'>\n\t\t\t\t\t<div class=\"fusion-column-wrapper\" style=\"background-position:left top;background-repeat:no-repeat;-webkit-background-size:cover;-moz-background-size:cover;-o-background-size:cover;background-size:cover;\"   data-bg-url=\"\">\n\t\t\t\t\t\t<div class=\"fusion-text\"><h2>Buderus Logalux-Pufferspeicher passen in jedes Heizsystem<\/h2>\n<p><a href=\"http:\/\/2018.vft-gmbh.de\/wp-content\/uploads\/2018\/06\/puffer02.jpg\"><img loading=\"lazy\" decoding=\"async\" class=\"wp-image-14005 alignleft\" src=\"http:\/\/2018.vft-gmbh.de\/wp-content\/uploads\/2018\/06\/puffer02.jpg\" alt=\"\" width=\"300\" height=\"229\" srcset=\"https:\/\/www.vft-gmbh.de\/wp-content\/uploads\/2018\/06\/puffer02-180x138.jpg 180w, https:\/\/www.vft-gmbh.de\/wp-content\/uploads\/2018\/06\/puffer02-300x229.jpg 300w, https:\/\/www.vft-gmbh.de\/wp-content\/uploads\/2018\/06\/puffer02-768x586.jpg 768w, https:\/\/www.vft-gmbh.de\/wp-content\/uploads\/2018\/06\/puffer02.jpg 1024w\" sizes=\"auto, (max-width: 300px) 100vw, 300px\" \/><\/a>Logalux-Pufferspeicher zeichnen sich durch besonders hohe Flexibilit\u00e4t aus. Die Pufferspeicher sind mit 500, 750 oder 1000 Liter Inhalt und, je nach Typ, mit vier bis zehn Anschl\u00fcssen und Solar-W\u00e4rmetauscher erh\u00e4ltlich. Sie lassen sich in Heizsysteme mit erneuerbaren Energien einbinden und mit einer Frischwasserstation kombinieren. Zudem k\u00f6nnen mit Kaskadierungssets bei Bedarf ganz einfach weitere Speicher angeschlossen werden. Durch die Standard-Stutzenanordnung lassen sich auch verschiedene Ausf\u00fchrungen kombinieren. Ein optionales Entl\u00fcftungsset vereinfacht die Entl\u00fcftung der Speicher.<\/p>\n<p>Die Logalux-Pufferspeicher verf\u00fcgen in den Ausf\u00fchrungen Logalux PR, PNR und PNRZ \u00fcber eine optimierte temperatursensible R\u00fccklaufeinspeisung. Diese leitet den R\u00fccklauf in die optimale Temperaturzone und verringert die Durchmischung mit anderen Temperaturbereichen nachweislich. Im Vergleich zur Ausf\u00fchrung ohne R\u00fccklaufeinspeisung l\u00e4sst sich die entnehmbare W\u00e4rmemenge auf hohem Temperaturniveau um bis zu 25 Prozent steigern.<\/p>\n<p>Der Logalux PNRZ verf\u00fcgt zudem \u00fcber zwei Trennbleche zur Aufteilung des Speichers in verschiedene Temperaturzonen und eine Einspeiselanze f\u00fcr eine verbesserte Speicherschichtung. Er wurde speziell f\u00fcr den Einsatz in einem Heizsystem mit W\u00e4rmepumpe, Solaranlage und Frischwasserstation entwickelt.<\/p>\n<p>Die kompakten Ma\u00dfe der Speicher erleichtern den Transport und die Einbringung in den Aufstellraum \u2013 mit maximal 790 Millimetern Durchmesser passen sie durch jede T\u00fcr im Standardma\u00df. Alle Speichergr\u00f6\u00dfen zeichnen sich typenunabh\u00e4ngig durch identische Abmessungen und W\u00e4rmeschutzausf\u00fchrungen in zwei D\u00e4mmst\u00e4rken (80 Millimeter Weichschaum oder 120 Millimeter recycelbares Polyesterfaservlies mit einem PS-Mantel aus 70 Prozent recyceltem Polyester) aus.<\/p>\n<\/div><div class=\"fusion-clearfix\"><\/div>\n\n\t\t\t\t\t<\/div>\n\t\t\t\t<\/div><\/div><\/div>\n","protected":false},"excerpt":{"rendered":"","protected":false},"author":1,"featured_media":0,"parent":0,"menu_order":2,"comment_status":"closed","ping_status":"closed","template":"","meta":{"footnotes":""},"class_list":["post-14003","page","type-page","status-publish","hentry"],"_links":{"self":[{"href":"https:\/\/www.vft-gmbh.de\/index.php?rest_route=\/wp\/v2\/pages\/14003","targetHints":{"allow":["GET"]}}],"collection":[{"href":"https:\/\/www.vft-gmbh.de\/index.php?rest_route=\/wp\/v2\/pages"}],"about":[{"href":"https:\/\/www.vft-gmbh.de\/index.php?rest_route=\/wp\/v2\/types\/page"}],"author":[{"embeddable":true,"href":"https:\/\/www.vft-gmbh.de\/index.php?rest_route=\/wp\/v2\/users\/1"}],"replies":[{"embeddable":true,"href":"https:\/\/www.vft-gmbh.de\/index.php?rest_route=%2Fwp%2Fv2%2Fcomments&post=14003"}],"version-history":[{"count":2,"href":"https:\/\/www.vft-gmbh.de\/index.php?rest_route=\/wp\/v2\/pages\/14003\/revisions"}],"predecessor-version":[{"id":14047,"href":"https:\/\/www.vft-gmbh.de\/index.php?rest_route=\/wp\/v2\/pages\/14003\/revisions\/14047"}],"wp:attachment":[{"href":"https:\/\/www.vft-gmbh.de\/index.php?rest_route=%2Fwp%2Fv2%2Fmedia&parent=14003"}],"curies":[{"name":"wp","href":"https:\/\/api.w.org\/{rel}","templated":true}]}}