{"id":14009,"date":"2018-06-04T10:22:37","date_gmt":"2018-06-04T09:22:37","guid":{"rendered":"http:\/\/2018.vft-gmbh.de\/?page_id=14009"},"modified":"2022-11-16T14:19:06","modified_gmt":"2022-11-16T13:19:06","slug":"flaechenheizung","status":"publish","type":"page","link":"https:\/\/www.vft-gmbh.de\/?page_id=14009","title":{"rendered":"Fl\u00e4chenheizung"},"content":{"rendered":"<div class=\"fusion-fullwidth fullwidth-box nonhundred-percent-fullwidth non-hundred-percent-height-scrolling\"  style='background-color: #ffffff;background-position: left top;background-repeat: no-repeat;padding-top:20px;padding-right:10px;padding-bottom:20px;padding-left:10px;border-top-width:0px;border-bottom-width:0px;border-color:#eae9e9;border-top-style:solid;border-bottom-style:solid;'><div class=\"fusion-builder-row fusion-row \"><div  class=\"fusion-layout-column fusion_builder_column fusion_builder_column_1_1 fusion-builder-column-1 fusion-one-full fusion-column-first fusion-column-last fusion-column-no-min-height 1_1\"  style='margin-top:0px;margin-bottom:0px;'>\n\t\t\t\t\t<div class=\"fusion-column-wrapper\" style=\"background-position:left top;background-repeat:no-repeat;-webkit-background-size:cover;-moz-background-size:cover;-o-background-size:cover;background-size:cover;\"   data-bg-url=\"\">\n\t\t\t\t\t\t<div class=\"fusion-text\"><h1 style=\"text-align: center;\">Fl\u00e4chenheizung<\/h1>\n<\/div><div class=\"fusion-sep-clear\"><\/div><div class=\"fusion-separator sep-single sep-solid\" style=\"border-color:#969696;border-top-width:1px;margin-left: auto;margin-right: auto;margin-top:5px;margin-bottom:50px;width:100%;max-width:15%;\"><\/div><div class=\"fusion-text\"><p>Es gibt viele gute Gr\u00fcnde f\u00fcr die Modernisierung mit Fl\u00e4chenheizungen. Kosten reduzieren, Ressourcen schonen und das ganze Jahr \u00fcber ein angenehmes Raumklima genie\u00dfen: Egal ob Sie neu bauen oder einen Altbau renovieren: Fl\u00e4chenheizungen \u00fcberzeugen und werden in den kommenden Jahren weiter an Bedeutung gewinnen.<br \/>\nDabei k\u00f6nnen Fl\u00e4chenheizungen nicht nur im Fu\u00dfboden eingesetzt werden. Auch die Verlegung in Decken und W\u00e4nden ist problemlos m\u00f6glich.<\/p>\n<\/div><div class=\"fusion-clearfix\"><\/div>\n\n\t\t\t\t\t<\/div>\n\t\t\t\t<\/div><div  class=\"fusion-layout-column fusion_builder_column fusion_builder_column_1_2 fusion-builder-column-2 fusion-one-half fusion-column-first 1_2\"  style='margin-top:0px;margin-bottom:20px;width:48%; margin-right: 4%;'>\n\t\t\t\t\t<div class=\"fusion-column-wrapper\" style=\"background-position:left top;background-repeat:no-repeat;-webkit-background-size:cover;-moz-background-size:cover;-o-background-size:cover;background-size:cover;\"   data-bg-url=\"\">\n\t\t\t\t\t\t<div class=\"fusion-text\"><h2>Fu\u00dfbodenheizung, Wandheizung und Deckenheizung sorgen f\u00fcr angenehme W\u00e4rme im Raum<\/h2>\n<p><a href=\"http:\/\/2018.vft-gmbh.de\/wp-content\/uploads\/2018\/06\/flaechenheizung01.jpg\"><img loading=\"lazy\" decoding=\"async\" class=\"wp-image-14010 alignleft\" src=\"http:\/\/2018.vft-gmbh.de\/wp-content\/uploads\/2018\/06\/flaechenheizung01.jpg\" alt=\"\" width=\"300\" height=\"200\" srcset=\"https:\/\/www.vft-gmbh.de\/wp-content\/uploads\/2018\/06\/flaechenheizung01-300x200.jpg 300w, https:\/\/www.vft-gmbh.de\/wp-content\/uploads\/2018\/06\/flaechenheizung01-768x512.jpg 768w, https:\/\/www.vft-gmbh.de\/wp-content\/uploads\/2018\/06\/flaechenheizung01.jpg 1024w\" sizes=\"auto, (max-width: 300px) 100vw, 300px\" \/><\/a>Statt W\u00e4rme \u00fcber einzelne Heizk\u00f6rper im Raum zu verteilen, nutzt eine Fl\u00e4chenheizung je nach System den gesamten Boden (Fu\u00dfbodenheizung), die gesamte Wand (Wandheizung) oder die Decke (Deckenheizung) als Heizfl\u00e4che. Kombiniert werden kann die Fl\u00e4chenheizung mit allen g\u00e4ngigen W\u00e4rmeerzeugern. Ihre Vorteile kann sie allerdings aufgrund der niedrigen Vorlauftemperaturen besonders beim Einsatz erneuerbarer Energien wie Solarthermie oder W\u00e4rmepumpe und modernen Brennwertger\u00e4ten ausspielen.<\/p>\n<h2>Einsatzgebiete der Fu\u00dfbodenheizung<\/h2>\n<p>Allgemein werden wasserf\u00fchrende und elektrische Fl\u00e4chenheizungen unterschieden. Elektrische Fl\u00e4chenheizungen kommen oft bei der Nachr\u00fcstung in einzelnen R\u00e4umen zum Einsatz. So besticht beispielsweise die elektrische Fu\u00dfbodenheizung im Bad durch einfache Installation und geringen Fu\u00dfbodenaufbau. Dagegen eignet sich die wasserf\u00fchrende Fl\u00e4chenheizung f\u00fcr das sparsame Beheizen der gesamten Wohnfl\u00e4che. Im Neubau ist die Fu\u00dfbodenheizung bereits Standard. Auch im Altbau l\u00e4sst sich eine Fl\u00e4chenheizung nachr\u00fcsten. Allerdings sind der nachtr\u00e4glichen Installation einer Fu\u00dfbodenheizung aufgrund des erh\u00f6hten Fu\u00dfbodenaufbaus Grenzen gesetzt. Viele Hersteller bieten daf\u00fcr so genannte D\u00fcnnschichtsysteme an, die eine niedrigere Aufbauh\u00f6he aufweisen. Alternativen dazu w\u00e4ren Deckenheizung oder die an der Innenseite der Au\u00dfenwand integrierte Wandheizung.<\/p>\n<h2>Vorteile einer Fu\u00dfbodenheizung<\/h2>\n<ul>\n<li>Die Fl\u00e4chenheizung nutzt den gesamten Boden (alternativ Wand oder Decke) als Heizfl\u00e4che und kommt mit einer geringeren Vorlauf- und Betriebstemperatur aus. Das h\u00e4lt die Verluste bei der W\u00e4rmeverteilung und W\u00e4rme\u00fcbergabe niedrig und spart Heizkosten. Der W\u00e4rmeerzeuger muss keine hohen Vorlauftemperaturen erzeugen und kann in seinem optimalen Betriebspunkt arbeiten. Das erh\u00f6ht die Effizienz der Heizung.<\/li>\n<\/ul>\n<ul>\n<li>Eine Fl\u00e4chenheizung spart Heizkosten. In Kombination mit Erneuerbaren Energien ist das doppelt umweltfreundlich.<\/li>\n<\/ul>\n<ul>\n<li>Die gute Verteilung der W\u00e4rme sorgt auch bei niedrigeren Temperaturen f\u00fcr Wohnkomfort, die Strahlungsw\u00e4rme wird als angenehm empfunden.<\/li>\n<\/ul>\n<ul>\n<li>Im Gegensatz zu Heizk\u00f6rpern wirbelt die Fl\u00e4chenheizung nur wenig Staub auf, das ist vorteilhaft f\u00fcr Allergiker.<\/li>\n<\/ul>\n<ul>\n<li>Das Heizsystem ist &#8222;unsichtbar&#8220;. Die Bewohner gewinnen Raum (weil die Heizk\u00f6rper wegfallen) und mehr M\u00f6glichkeiten bei der Einrichtung.<\/li>\n<\/ul>\n<ul>\n<li>Fl\u00e4chenheizungen lassen sich bei entsprechendem K\u00e4lteerzeuger im Sommer auch zur Fl\u00e4chenk\u00fchlung einsetzen.<\/li>\n<\/ul>\n<h2>Nachteile einer Fu\u00dfbodenheizung<\/h2>\n<ul>\n<li>Konventionelle Fl\u00e4chenheizungen lassen sich im Altbau nicht einsetzen. Bei ihnen sind Aufbauh\u00f6he und Gewicht meistens zu hoch. Stattdessen kommen spezielle Systeme f\u00fcr die Sanierung zum Einsatz.<\/li>\n<\/ul>\n<ul>\n<li>Bei der Fu\u00dfbodenheizung sind Hausbesitzer bei der Auswahl des Bodenbelags etwas eingeschr\u00e4nkt. Es d\u00fcrfen nur Bodenbel\u00e4ge verwendet werden, die vom Hersteller daf\u00fcr freigegeben sind.<\/li>\n<\/ul>\n<ul>\n<li>Bei der Deckenheizung gibt es Einschr\u00e4nkungen beim Anbringen der Beleuchtung und teilweise auch beim Wohnkomfort (warmer Kopf und kalte F\u00fc\u00dfe).<\/li>\n<\/ul>\n<ul>\n<li>Bei der Wandheizung darf die entsprechende Wandfl\u00e4che nicht mit Einrichtungsgegenst\u00e4nden verstellt werden. Das bringt Einschr\u00e4nkungen bei der Wohnungseinrichtung mit sich, auch Regale und Bilder k\u00f6nnen nicht einfach aufgeh\u00e4ngt werden.<\/li>\n<\/ul>\n<ul>\n<li>In Kombination mit alten Heizkesseln mit hoher Vorlauftemperatur kommt der Energiespareffekt der Fl\u00e4chenheizung nicht zum Tragen.<\/li>\n<\/ul>\n<h2>Kosten und F\u00f6rderung f\u00fcr die Fu\u00dfbodenheizung<\/h2>\n<p>Nach Angaben des Bundesverbandes Fl\u00e4chenheizungen und Fl\u00e4chenk\u00fchlungen e.V. ist eine Fl\u00e4chenheizung bei der Installation nicht teurer als eine vergleichbare konventionelle Heizung. Pluspunkt sind die niedrigeren Betriebskosten. Wer bei der KfW eine F\u00f6rderung f\u00fcr die Erneuerung der Heizung beantragt (Zuschuss oder zinsg\u00fcnstiger Kredit), kann gleichzeitig auch F\u00f6rderung f\u00fcr eine Fu\u00dfbodenheizung (inklusive Estrich, Trittschalld\u00e4mmung und Bodenbelag) oder eine Wandheizung (inklusive Putzarbeiten) erhalten.<\/p>\n<h2>Darauf sollten Sie bei einer Fu\u00dfbodenheizung achten<\/h2>\n<p>Wichtig bei Altbauten ist: Das jeweilige Bauteil sollte gut ged\u00e4mmt sein, damit die W\u00e4rme nicht verloren geht: Das hei\u00dft bei einer Fu\u00dfbodenheizung ist gerade im Erdgeschoss eine Bodend\u00e4mmung beziehungsweise D\u00e4mmung der Kellerdecke wichtig, bei der Wandheizung sollten die Au\u00dfenw\u00e4nde ged\u00e4mmt sein und kommt die Deckenheizung im obersten Geschoss zum Einsatz, ist auch hier eine D\u00e4mmung erforderlich. Beim Einbau einer Fu\u00dfbodenheizung im Altbau muss unbedingt die H\u00f6he des Fu\u00dfbodenaufbaus beachtet werden. Ist der Fu\u00dfboden nach der Sanierung h\u00f6her als vorher, kommen weitere Arbeiten und Kosten hinzu wie das K\u00fcrzen der T\u00fcren. Au\u00dferdem ist eine niedrigere Raumh\u00f6he und falsche H\u00f6he der Schalter die Folge. Deshalb auch bei D\u00fcnnschichtsystemen genau auf die Aufbauh\u00f6he achten oder auf eine Wandheizung ausweichen.<\/p>\n<p><strong>Gerne beraten wir Sie zu allen Fragen rund um Ihre neue Fl\u00e4chenheizung.<\/strong><\/p>\n<\/div><div class=\"fusion-clearfix\"><\/div>\n\n\t\t\t\t\t<\/div>\n\t\t\t\t<\/div><div  class=\"fusion-layout-column fusion_builder_column fusion_builder_column_1_2 fusion-builder-column-3 fusion-one-half fusion-column-last 1_2\"  style='margin-top:0px;margin-bottom:20px;width:48%'>\n\t\t\t\t\t<div class=\"fusion-column-wrapper\" style=\"background-position:left top;background-repeat:no-repeat;-webkit-background-size:cover;-moz-background-size:cover;-o-background-size:cover;background-size:cover;\"   data-bg-url=\"\">\n\t\t\t\t\t\t<div class=\"fusion-text\"><h2>Fl\u00e4chenheizung schafft mehr Freiraum im Haus<\/h2>\n<p><a href=\"http:\/\/2018.vft-gmbh.de\/wp-content\/uploads\/2018\/06\/flaechenheizung02.jpg\"><img loading=\"lazy\" decoding=\"async\" class=\"wp-image-14011 alignleft\" src=\"http:\/\/2018.vft-gmbh.de\/wp-content\/uploads\/2018\/06\/flaechenheizung02.jpg\" alt=\"\" width=\"300\" height=\"300\" srcset=\"https:\/\/www.vft-gmbh.de\/wp-content\/uploads\/2018\/06\/flaechenheizung02-66x66.jpg 66w, https:\/\/www.vft-gmbh.de\/wp-content\/uploads\/2018\/06\/flaechenheizung02-150x150.jpg 150w, https:\/\/www.vft-gmbh.de\/wp-content\/uploads\/2018\/06\/flaechenheizung02-300x300.jpg 300w, https:\/\/www.vft-gmbh.de\/wp-content\/uploads\/2018\/06\/flaechenheizung02-768x768.jpg 768w, https:\/\/www.vft-gmbh.de\/wp-content\/uploads\/2018\/06\/flaechenheizung02.jpg 1024w\" sizes=\"auto, (max-width: 300px) 100vw, 300px\" \/><\/a>Im Rahmen der Modernisierung der Heizung bieten Fl\u00e4chenheizungen wie Wandheizungen, Fu\u00dfbodenheizungen oder Deckenheizungen gro\u00dfe Vorteile. Neben der Senkung des Energieverbrauchs und der angenehmen W\u00e4rmeabstrahlung schaffen Fl\u00e4chenheizungen mehr Freiraum in Haus oder Wohnung.<\/p>\n<p>Egal auf welchen Energietr\u00e4ger Hausbesitzer setzen, ob \u00d6l, Gas, Pellets oder W\u00e4rmepumpe: Werden Haus und Heizung ohnehin modernisiert, ist eine Fl\u00e4chenheizung bei der Installation nicht teurer als andere, vergleichbare Varianten. Ihr Vorteil sind die niedrigen Betriebskosten. Die Fl\u00e4chenheizung ist ein Niedrigtemperatur-System. Der gesamte Boden beziehungsweise die Wand oder die Decke wird als Heizfl\u00e4che genutzt. So kann die Fl\u00e4chenheizung mit einer geringeren Vorlauf- und Betriebstemperatur arbeiten. Das h\u00e4lt die Verluste bei der W\u00e4rmeverteilung und W\u00e4rme\u00fcbergabe niedrig und spart Heizkosten.<\/p>\n<h2>Fl\u00e4chenheizung bietet Vorteile f\u00fcr Allergiker<\/h2>\n<p>Neben Vorteilen wie der Heizkosten-Einsparung und dem gr\u00f6\u00dferen Gestaltungsspielraum bei der Einrichtung, weil es keine Heizk\u00f6rper in den R\u00e4umen gibt, eignet sich eine Fl\u00e4chenheizung auch bestens f\u00fcr Allergiker: Die Strahlungsw\u00e4rme sorgt f\u00fcr Behaglichkeit und verringert Luftbewegungen, so dass weniger Staub aufgewirbelt wird. So profitieren Allergiker von einem besseren Raumklima. Dar\u00fcber hinaus entzieht die W\u00e4rme den temperierten Fl\u00e4chen Feuchtigkeit, so dass Schimmel keine Lebensgrundlage mehr hat.<\/p>\n<\/div><div class=\"fusion-clearfix\"><\/div>\n\n\t\t\t\t\t<\/div>\n\t\t\t\t<\/div><\/div><\/div>\n","protected":false},"excerpt":{"rendered":"","protected":false},"author":1,"featured_media":0,"parent":0,"menu_order":2,"comment_status":"closed","ping_status":"closed","template":"","meta":{"footnotes":""},"class_list":["post-14009","page","type-page","status-publish","hentry"],"_links":{"self":[{"href":"https:\/\/www.vft-gmbh.de\/index.php?rest_route=\/wp\/v2\/pages\/14009","targetHints":{"allow":["GET"]}}],"collection":[{"href":"https:\/\/www.vft-gmbh.de\/index.php?rest_route=\/wp\/v2\/pages"}],"about":[{"href":"https:\/\/www.vft-gmbh.de\/index.php?rest_route=\/wp\/v2\/types\/page"}],"author":[{"embeddable":true,"href":"https:\/\/www.vft-gmbh.de\/index.php?rest_route=\/wp\/v2\/users\/1"}],"replies":[{"embeddable":true,"href":"https:\/\/www.vft-gmbh.de\/index.php?rest_route=%2Fwp%2Fv2%2Fcomments&post=14009"}],"version-history":[{"count":2,"href":"https:\/\/www.vft-gmbh.de\/index.php?rest_route=\/wp\/v2\/pages\/14009\/revisions"}],"predecessor-version":[{"id":14046,"href":"https:\/\/www.vft-gmbh.de\/index.php?rest_route=\/wp\/v2\/pages\/14009\/revisions\/14046"}],"wp:attachment":[{"href":"https:\/\/www.vft-gmbh.de\/index.php?rest_route=%2Fwp%2Fv2%2Fmedia&parent=14009"}],"curies":[{"name":"wp","href":"https:\/\/api.w.org\/{rel}","templated":true}]}}